e -2*s + 10*s + 176 = 0. Let x be (-18)/15*(77 + -2). Let n = s - x. What is the units digit of n?
8
Let i = -218 - -220. Suppose -228 = -i*p + 110. What is the units digit of p?
9
Let w(r) = 3*r**2 + 20*r - 12. Let u(v) = -4*v**2 - 20*v + 11. Let t(s) = 4*u(s) + 5*w(s). Let x be (-3 - 40/(-2))*1. What is the tens digit of t(x)?
3
What is the tens digit of 14*4491/6 - (23 + -20)?
7
Let w = -2573 + 3735. What is the units digit of w?
2
Let h(y) = 12*y**2 - 2 + 3*y**3 - 15*y + 11 - 1 - y**3. Let j(p) = -3*p**3 - 12*p**2 + 14*p - 8. Let m(i) = 4*h(i) + 3*j(i). What is the units digit of m(7)?
7
Let i = 118 + -109. What is the units digit of 484 - (6/i - (-35)/15)?
1
What is the units digit of 55*((-3)/8 - ((-18)/(-720) + -1))?
3
Let g be (-12)/(-24) - 2156/8. Let k = g - -304. What is the units digit of k?
5
Let f = 7747 - 1813. Let g = f + -14286. What is the units digit of 4/34 - (g/102 + 4)?
8
Let o be (-492)/(-82) - (283 + 0). Let s = o + 665. What is the hundreds digit of s?
3
What is the tens digit of -4*-3*20/15*(-4196)/(-8)?
9
Let u = -17600 - -36972. What is the units digit of u?
2
Let h(o) = -7*o + 24. Let m(q) = -22*q + 72. Let i(u) = 14*h(u) - 5*m(u). Let c be ((-8)/(-6))/((-24)/84)*(-6)/4. What is the units digit of i(c)?
0
Suppose -4863 = 7*j - 22174. What is the thousands digit of j?
2
Let o(m) = 127*m**2 + 15*m - 93. Let u be o(7). Suppose -5*a + u = -5*y, 0 = -3*a + 3*y - 7*y + 3755. What is the tens digit of a?
4
Let b be (-3 - -2)/((-1)/2). Suppose -4*n - 12 = 0, b*g - 9*n = -4*n + 679. What is the units digit of g?
2
Suppose 5*y + 7*y - 48 = 0. What is the hundreds digit of (8/(-12))/(12920/(-3228) + y)?
2
Let g be (128/24 + -4)*39/2. Suppose g*r - 7803 = 9*r. What is the hundreds digit of r?
4
Let w(m) = 16*m**2 - 408*m - 87. What is the thousands digit of w(44)?
2
Let g = 1808 - 1470. What is the tens digit of g?
3
Suppose -394 = -4*g - 394. Let l = -302 + 450. Suppose 0*k - 4*k + l = g. What is the tens digit of k?
3
Suppose -11*w + 119028 = 15*w. What is the thousands digit of w?
4
Suppose -17*b + 110009 - 222951 = -959848. What is the thousands digit of b?
9
Let z = 12001 - 4768. What is the units digit of z?
3
What is the tens digit of (-5)/7 + 586224/483?
1
Suppose 8*t + 840 = 13*t. Let i = 236 - t. Suppose -3*y + i = -2*y - 3*b, -3*y + 254 = b. What is the units digit of y?
3
Let m(i) = -i**3 + 8*i**2 - 11*i + 25. Let s(x) = 3*x**3 - 16*x**2 + 24*x - 51. Let d(w) = -5*m(w) - 2*s(w). What is the tens digit of d(-10)?
0
Suppose 3*c + 382 = 5*c. Let b = -454 + 455. What is the tens digit of b + c + 1 + (1 - -2)?
9
Suppose -232*a = -223*a - 22518. What is the tens digit of a?
0
Suppose 0 = 3*b + 3*z - 38097, -26154 - 24660 = -4*b - z. What is the tens digit of b?
0
Suppose c - 21846 = -2*k, -97*k = -98*k - 3*c + 10928. What is the units digit of k?
2
Let a(j) = j**3 - 91*j**2 + 440*j + 48. What is the ten thousands digit of a(89)?
2
Let m be (64/10)/(1887/(-630) - -3). Let y = m + -491. What is the units digit of y?
3
Let h = -14 - -29. Suppose -4*t + h = 2*k + 3, 0 = -3*t + 3*k + 18. Suppose t*y + 0*y = 8. What is the units digit of y?
2
What is the thousands digit of 4702 - 63 - (-3 - -13)?
4
Let k = 136 + -100. Suppose 7*g + 5*g + k = 0. What is the tens digit of (29/(-4) + 3 - g)*-44?
5
What is the hundreds digit of (-1)/4 + 15 + (-420733)/(-68)?
2
Let h(l) = l**3 + 18*l**2 - 5*l + 52. Suppose 0 = -5*r + 3*a - 62, 5*r - 3*r = -3*a - 29. What is the hundreds digit of h(r)?
9
Let y = 4395 - -6322. What is the hundreds digit of y?
7
Let k(n) be the first derivative of n**4/4 - 23*n**3/3 - 21*n**2/2 - 30*n + 1. Let d be 7*(-6)/(-147) + 498/21. What is the units digit of k(d)?
2
Let x be (-48 + 49)/((3 - 2)/2892). Suppose 11*d - 804 - x = 0. What is the tens digit of d?
3
Let l = 35 - 39. Let u be (-32)/(l - -2)*-1. What is the units digit of (-324)/(-7) - (-2 + u/(-7))?
6
Suppose 58*h + 1599990 = 163*h. What is the tens digit of h?
3
Let p be (1/2)/(-2 - (-10)/4). Let i be 18/(-42) + 1221/7. What is the tens digit of i*(-2 + 3)/(p + 1)?
8
Let m(a) = -167*a + 1. Let v be m(-1). Let i = v + 126. Suppose 6*t = 3*t + i. What is the units digit of t?
8
Let u(l) = 52*l**3 - 86*l**2 + 589*l + 40. What is the hundreds digit of u(9)?
2
Let j be (3 - 2)/((-4)/6 + 1). Suppose -2*y + 1760 = j*y. What is the tens digit of y?
5
Let y(w) = 2223*w + 254. What is the hundreds digit of y(6)?
5
Let g be (-1 + -1)/(-4)*82. Let j = g + 84. Let r = -59 + j. What is the tens digit of r?
6
Let a(d) = -291*d**3 + 9*d**2 + 9*d - 24. What is the tens digit of a(-4)?
0
Let a be (-2)/(-6) + 3*10/45. Suppose 3*y + 3 = i, -4*i = y + i + a. What is the units digit of (4/y - -11)/1?
7
Let h(d) = -50*d**3 + 26*d**2 - 6*d + 15. What is the units digit of h(-6)?
7
Suppose -54*l = 31*l - 147390. What is the units digit of l?
4
Let n = -62 - -60. What is the hundreds digit of 0 + n + -1 - (-6244)/14?
4
Suppose 0 = 57*b - 73*b + 67968. Suppose -v = -4*v + 2*o + 4248, -5*o = -3*v + b. What is the thousands digit of v?
1
Suppose 2*z + t - 8 = 6*z, -2*z = -2*t + 4. What is the tens digit of 365/z*(1 - 45/25)?
4
Suppose 0 = q - 2*c - 44, -3*q + 220 = 2*q - 5*c. Let o = -20 + q. Let l = o - -52. What is the tens digit of l?
7
Suppose 97*h - 96*h + 2*a - 19302 = 0, 5*a = -30. What is the thousands digit of h?
9
Suppose -2*q - 5*x + 10028 = 0, 551*x - 553*x = 3*q - 15031. What is the thousands digit of q?
5
Suppose 13*k - 4*k = 1026. Suppose -2*j - 7 + 61 = w, 0 = -4*j + w + k. Let u = j + 56. What is the tens digit of u?
8
Let t = -236 - -405. Let z = 768 - t. What is the units digit of z?
9
Let y(w) = w**3 - 7*w**2 - 19*w + 54. Let g be y(16). Suppose -3*h - 689 = -g. What is the tens digit of h?
5
Suppose 79*y - 280398 = 12*y + 271682. What is the tens digit of y?
4
Suppose -5*y + 80131 = -4*q, -3*q - 6479 = -5*y + 73658. What is the ten thousands digit of y?
1
Suppose 3*z - 3*r - 16770 + 1407 = 0, 0 = -5*r - 15. Suppose z = 2*s + 4*s. Suppose 0 = -3*y - 12, -5*k + y + s = -y. What is the hundreds digit of k?
1
What is the thousands digit of 72340 - -10*(-110)/44?
2
Suppose 3*p + 0*p = -h - 2537, 4*h + 5*p = -10127. Let m = -1760 - h. What is the tens digit of m?
6
Suppose -2923557 + 712452 = -65*o. What is the tens digit of o?
1
Let y = 6467 + 7053. What is the ten thousands digit of y?
1
Suppose 7*r - 2*r = -5*t + 390, r - 3 = 0. What is the units digit of 2/10 + (-15)/(t/(-2174))?
5
Let v(k) = -3*k + 9. Let d be v(2). Let c(b) = 8*b**2 + 12*b - 24. What is the units digit of c(d)?
4
Let t be -1*(7 - (-1 - -2)). What is the hundreds digit of ((-4)/t)/((-4)/(-2400)*2)?
2
Let w(z) = -68*z + 287. Let a(i) = -139*i + 576. Let l(h) = -2*a(h) + 5*w(h). What is the tens digit of l(-9)?
4
Suppose 5*o + 5*j = 80, 0 = -5*o + j + 3*j + 35. Let d(k) = 18*k + 618. Let p be d(-38). What is the tens digit of (o/(p/68))/((-2)/9)?
5
Suppose 0 = -3*l - 5*u + 1934, l + 5*u = 2*u + 638. Suppose 10 = -4*k + 9*k. Suppose t + 2*g = -k*t + l, 20 = -4*g. What is the hundreds digit of t?
2
Let n = 202 - -785. Suppose -6*k = -2781 + n. What is the units digit of k?
9
Suppose 4*k - 35173 = -5*t, 9*k = -35*t + 31*t + 28150. What is the tens digit of t?
3
Let x = -291 + 293. Suppose 5*m - x*r - 3527 = 0, -r = 4*m - 4*r - 2823. What is the units digit of m?
5
Suppose -52*d - 2*a + 40006 = -50*d, -3*a - 24 = 0. What is the units digit of d?
1
Let f(b) be the first derivative of -b**4/4 - 13*b**3/3 - 15*b**2/2 + 56*b + 54. What is the tens digit of f(-14)?
6
Suppose 0 = 3*u - 5*n + 2047 - 6531, -2*n + 4519 = 3*u. What is the hundreds digit of u?
5
Let t(s) = -19*s**2 + 5 + 11 + 6*s + 14*s**2 - s**3 + 17*s**2. What is the units digit of t(9)?
3
Let d(k) = k**3 - 15*k**2 + 8. Let n be d(15). Suppose 4*o + 2*t - 20 - n = 0, -5 = -5*o + 5*t. What is the units digit of 14/2*1/o*5?
7
Let t(r) = 5*r**2 + 226*r - 187. What is the tens digit of t(-55)?
0
Let c(f) = 4*f**3 - 58*f**2 - 118*f + 1. Let r(m) = -3*m**3 + 39*m**2 + 79*m - 1. Let n(p) = -5*c(p) - 7*r(p). What is the tens digit of n(-7)?
3
Let r be (-208*7/(-2))/((-6)/12). Let w = 2438 + r. What is the hundreds digit of w?
9
What is the units digit of 20697/6 - (20/(-8))/5?
0
What is the hundreds digit of (14 - 0) + (18576 - -172)?
7
Let r b